 the prime factors of u?
2, 10667
Suppose 22*g - 23*g + 5613 = -5*r, 0 = 5*g - 2*r - 28088. List the prime factors of g.
2, 53
Let o(j) = j**3 + 4*j**2 - 4*j + 4. Let i be o(-3). Let y = i - -332. What are the prime factors of y?
3, 7, 17
Let i(x) = -9*x - 21. Let r be i(-4). Suppose -5*d + r + 0 = 0. List the prime factors of (2046/(-44))/(d/(-4)).
2, 31
Let k(w) be the second derivative of 25*w**4/6 - 3*w**3 - 77*w**2/2 + 14*w - 2. What are the prime factors of k(-6)?
1831
Let s(f) = 103*f**2 + 42*f - 186. What are the prime factors of s(4)?
2, 5, 163
Let d = 1179 - -2168. What are the prime factors of d?
3347
Let v(z) = 20*z - 1. Let d(w) = -60*w + 4. Let j(t) = 4*d(t) + 11*v(t). Suppose -28*x = -68*x - 200. What are the prime factors of j(x)?
3, 5, 7
Let p = -114 - -116. Suppose -8*x - p*w + 1044 = -3*x, -216 = -x + 2*w. List the prime factors of x.
2, 3, 5, 7
Let n(a) be the second derivative of 1/4*a**4 + 0 + 3*a**2 - 8*a - 1/2*a**3. What are the prime factors of n(6)?
2, 3
What are the prime factors of 1/4 - 3551079/(-196)?
2, 9059
Let x(p) = 2*p + 1. Let q(w) = -3*w - 1. Let u(b) = 3*q(b) + 5*x(b). Let i be u(0). List the prime factors of i/(6 + -4)*98.
2, 7
Suppose 20*h - 30*h = -7970. Suppose -659 = -4*l + h. Suppose -l = 4*m - 8*m. List the prime factors of m.
7, 13
Suppose z - 4 = 4*q + 3*z, 5*q + 6 = -3*z. Suppose -2*t = -3*i + 2*t + 714, 1167 = 5*i + t. List the prime factors of (q - (0 - -4))*i/(-18).
2, 13
Let f be 12/60 + (-18536)/(-20) + 2. Let d = f - -54. List the prime factors of d.
983
Let g = 193511 + -108654. Suppose 0 = 54*t + 10931 - g. What are the prime factors of t?
37
List the prime factors of 145495/15 + (-45)/(-135).
2, 5, 97
Suppose -90*z = -92*z - 60. Let y be (-3 - 10/(-6))*-21. Let n = y - z. List the prime factors of n.
2, 29
Suppose 12*j = 17*j - 10*j + 33990. List the prime factors of j.
2, 3, 11, 103
Let y = 1011 - -5967. List the prime factors of y.
2, 3, 1163
Let a = 80 - -109. Let m be 2 - ((-1)/2 + (-1)/2). Suppose 3*r - 172 = 4*v, 3*v - a = -m*r + 18. List the prime factors of r.
2
List the prime factors of 2/(-4)*(-84940)/(-186)*-87.
5, 29, 137
Suppose 13*z - 396 = 4*z. Let m(h) = -h**3 + 44*h**2 + 25*h + 99. What are the prime factors of m(z)?
11, 109
Suppose 0 = 5*w + 2970 - 16980. What are the prime factors of w?
2, 3, 467
Let h(i) = 49*i**2 - 55*i + 490. List the prime factors of h(20).
2, 3, 5, 211
Suppose -64*v = -62*v + 4, 372500 = 5*o + 5*v. What are the prime factors of o?
2, 3, 4139
List the prime factors of (4/(-6))/(-1)*210087/6.
3, 31, 251
Let v = -2 + 15. Suppose -v*i + 12*i = 4. List the prime factors of i/32 + 1257/8.
157
Let q be 6/8 + 147/(-4). Let f = q + 37. What are the prime factors of 2 + f - (-66 - 1)?
2, 5, 7
Let b = 201 - 215. What are the prime factors of 6/4 - b/((-140)/(-12365))?
2, 619
Let v = -3173 + 7805. List the prime factors of v.
2, 3, 193
Let r(v) = -22*v + v**2 + 61*v - 27*v - 19*v - 112. List the prime factors of r(30).
2, 17
Let t = 0 - -3. Suppose -7 = -2*h + t. Suppose 415 = h*w - 5*l, -4*w + l + 258 + 83 = 0. List the prime factors of w.
2, 43
Suppose -3*j + 40092 = -3*y, 42*y - 38*y = -4*j + 53504. What are the prime factors of j?
2, 5, 7, 191
Let c be ((-816)/(-56))/(0 + 1/(-7)). Suppose 5*x = -0*x - 1060. Let i = c - x. What are the prime factors of i?
2, 5, 11
Let u(j) = -j**3 + 6*j**2 - 4*j + 3. Let f be u(5). Suppose 3*o - 2*q - 713 = 0, -5*o + 9*q + 1193 = f*q. List the prime factors of o.
239
Let w(l) = 25*l**3 + 61*l**2 - 23*l + 151. Let p(g) = 9*g**3 + 20*g**2 - 7*g + 50. Let f(q) = -11*p(q) + 4*w(q). What are the prime factors of f(-22)?
2, 13
Let m = -3278 + 8250. Let z be (1/(2 - 1))/((-11)/m). Let d = -318 - z. What are the prime factors of d?
2, 67
Let a = 148 + -146. Suppose -a*i + 3*i = 5*j + 34, j - 134 = -3*i. List the prime factors of i.
2, 11
Let r(b) = 15*b - 36. Let m be r(3). Suppose -4 = -4*n, -11*x + 4*n + 2900 = -m*x. What are the prime factors of x?
2, 3, 11
Suppose 0 = 4*i + 7 - 19, -3*i - 11 = -5*n. Let r be 21/6*n + -4. Suppose -r*t + 9*t = -60. What are the prime factors of t?
2, 3, 5
Let b = 48 + -20. Let r(q) = 3*q**2 - 34*q + 13. Let h be r(11). List the prime factors of ((-152)/b + h)*-35 + -2.
2, 59
Let t(g) = 53*g + 151. Let x(l) = -59*l - 160. Let p be x(-3). What are the prime factors of t(p)?
2, 263
Let b(z) = 276*z - 109. Let d be (-64)/(-18) - 16/(-36). List the prime factors of b(d).
5, 199
Suppose -25*z - 7821 = -29*z - k, -3*z + 5877 = 3*k. List the prime factors of z.
2, 977
Let j be (-2)/8 - (-11)/44*-7103. Let t = -826 - j. List the prime factors of t.
2, 5, 19
Let y be 3/27*6 + (-6)/9. Suppose 2*n - 5*m + 9 = y, 2*m - 26 = -4*n - 8. Suppose n*p + 4*r - 3*r = 572, 3*p - 3*r - 552 = 0. What are the prime factors of p?
3, 7
What are the prime factors of (1*2)/((-4 - (-13 + 10))/(-15970))?
2, 5, 1597
Let i(u) = 472*u**2 - u + 1. Let n = 128 + -127. List the prime factors of i(n).
2, 59
Let u(z) = 6*z + 4. Let v = 34 - 34. Let c be 2/8 + ((-275)/(-20) - v). List the prime factors of u(c).
2, 11
Let p be 1/(-1)*(-9 + 9). Let k be 35/7 - (117 - p). Let q = -52 - k. What are the prime factors of q?
2, 3, 5
Let a(o) = 44*o**2 - 6*o + 8. Let l(v) = -43*v**2 + 8*v - 6. Let p(w) = 5*a(w) + 4*l(w). What are the prime factors of p(-4)?
2, 97
List the prime factors of ((-2596)/(-66))/((-6)/(-621)).
3, 23, 59
Suppose -51*y + 5704 = -47*y. Let r = -490 + y. What are the prime factors of r?
2, 3, 13
Suppose -224193 - 255012 = -45*t. What are the prime factors of t?
23, 463
Let m be ((-255)/(-20))/((-15)/(-40)). Suppose 0 = -m*w + 10791 + 6005. List the prime factors of w.
2, 13, 19
Let j(t) = -2*t**3 + 119*t**2 + 9*t - 147. What are the prime factors of j(59)?
5, 773
List the prime factors of 26688/(-480)*1770/(-4).
3, 59, 139
Let f be (8140/(-30))/((-2)/9). What are the prime factors of (7 - (9 + -3))*f?
3, 11, 37
Let h = -22259 - -44033. What are the prime factors of h?
2, 3, 19, 191
Let f be (-2)/(((-15)/40)/(-3)). Let r(d) = d + 46. Let m be r(f). Suppose 2*q - 2*n = -4*n + m, 2*q - 30 = -n. What are the prime factors of q?
3, 5
Let q(a) = 450*a**2 - 54*a - 206. What are the prime factors of q(-13)?
2, 38273
Suppose -90258 + 24709 = -11*h. List the prime factors of h.
59, 101
Suppose -2*l - 4*t + 0*t = -22, 3*t - 13 = -l. Suppose -88 = l*d - 9*d. Let q = d + -16. List the prime factors of q.
2, 7
Let x(w) = w**3 - 11*w**2 - 12*w + 1. Suppose -4*s - 48 = -8*s. Let t be x(s). Let i(g) = 52*g + 3. List the prime factors of i(t).
5, 11
Let w(z) = z**3 + 13*z**2 - 5*z + 11. Let o be w(-9). Suppose -4*q = -2*q - s - 755, q - s - o = 0. List the prime factors of q.
3, 5
Suppose 3*y = -5*g + 28, 3*g = -g + 5*y + 15. Suppose 81 = 3*w - 2*w + g*k, -223 = -3*w - 5*k. Suppose -7 = -n + w. What are the prime factors of n?
2, 3, 13
Let x(p) = -4547*p - 2694. List the prime factors of x(-13).
56417
Let c = 221 + 31. Let y = -95 + c. List the prime factors of y.
157
Suppose -452*u = -439*u - 152724. What are the prime factors of u?
2, 3, 11, 89
Suppose 3*z + 5*a - 4 = 7, 4*z + a = 43. Suppose -2 = r - 3*c + 4, -3*c = r - z. Suppose r*f - 58 = n, -4*f + 70 = -4*n - n. What are the prime factors of f?
2, 5
Suppose 7*q = 6*q + 15. Let z be q*3/18*(-18)/(-5). Suppose -48 = 7*p - z*p. List the prime factors of p.
2, 3
What are the prime factors of ((-145)/(-1015))/(1/(-3)) - (-469038)/7?
3, 5, 1489
Let v = 19 - 14. Suppose 0 = v*p + 16*p - 11004. List the prime factors of p.
2, 131
Let t = -270 - -578. Suppose -2*d - 1540 = -5*b, -b - d + t = 4*d. Suppose -62 = 3*o - b. What are the prime factors of o?
2, 41
Let o(v) = -3 + 34 + 24 + 62 - 275*v. List the prime factors of o(-6).
3, 19, 31
Let g(u) = 3*u**3 - 14*u**2 + 10*u + 24. Let q be g(10). Let f = -13 + q. What are the prime factors of f?
29, 59
Suppose 57*n + 224*n - 7429078 = 0. What are the prime factors of n?
2, 13219
Let q(n) = n**3 - 6*n**2 + 8*n + 1. Let a be q(2). Let t(m) = 841*m**2 - 2*m + 1. List the prime factors of t(a).
2, 3, 5, 7
What are the prime factors of 5/(-3) - 799786/(-114)?
2, 3, 7, 167
Let t = -39865 + 60663. What are the prime factors of t?
2, 10399
Let z be 2/5 - (-23)/5. Suppose 20 = 5*n, 2*l - 3*n = -n + 2. Suppose -b = z*w - 559, 0 = -0*b + l*b + 5. Lis